{"id":233,"date":"2022-12-29T23:43:10","date_gmt":"2022-12-29T23:43:10","guid":{"rendered":"https:\/\/www.minaguilasdesalvacion.com\/site\/?page_id=233"},"modified":"2022-12-29T23:43:10","modified_gmt":"2022-12-29T23:43:10","slug":"unete","status":"publish","type":"page","link":"https:\/\/www.minaguilasdesalvacion.com\/site\/unete\/","title":{"rendered":"\u00danete"},"content":{"rendered":"\n<p>El <strong><em>Ministerio Internacional \u00c1guilas de Salvaci\u00f3n<\/em><\/strong> (MIAS) dentro del desarrollo de su visi\u00f3n y misi\u00f3n, a trav\u00e9s de su Oficina de Asuntos Internacionales, recibe solicitudes de diferentes iglesias y ministerios para ser parte de la gran familia MIAS.<\/p>\n\n\n\n<p>Es importante tener en cuenta que el proceso de asociaci\u00f3n tiene una duraci\u00f3n entre uno y seis meses, de acuerdo a la iglesia local, ministerio itinerante, ministerio, fundaci\u00f3n u ONG.<\/p>\n\n\n\n<p>Para esto, es necesario que el postulante conozca y entienda la visi\u00f3n, misi\u00f3n, declaraci\u00f3n doctrinal, valores y filosof\u00eda del MIAS, pues en caso de querer ser parte de ella, deber\u00e1 adoptarlos y multiplicarlos plenamente.<\/p>\n\n\n\n<p>Nuestraasociaci\u00f3n ser\u00e1 eclesi\u00e1stica, facilitando obreros que tengan las caracter\u00edsticas necesarias para ser soporte a la iglesia local en la expansi\u00f3n de la visi\u00f3n estrat\u00e9gica del Ministerio en todos los lugares del pa\u00eds \u00f3 ciudad en donde se desarrollar\u00e1.<\/p>\n\n\n\n<p>As\u00ed mismo, facilitaremos entrenamientos, material de evangelismo, discipulado, estudio b\u00edblico, desarrollo eclesi\u00e1stico, ordenaciones ministeriales, asesor\u00edas espirituales y ministeriales, extensi\u00f3n de otras coberturas y dem\u00e1s necesidades. Las anteriores son de car\u00e1cter internacional y v\u00e1lidas, tanto dentro de las iglesias del MIAS a nivel mundial, como ante el gobierno de los Estados Unidos de Am\u00e9rica, de acuerdo a las disposiciones y leyes vigentes.<\/p>\n\n\n\n<p>Los ministros de cada organizaci\u00f3n local tendr\u00e1n de parte de MIAS una Ordenaci\u00f3n Ministerial Internacional.<\/p>\n\n\n\n<p>Un <strong><em>ministro ordenado<\/em><\/strong> por MIAS ser\u00e1 amparado por nosotros eclesi\u00e1sticamente y esto le dar\u00e1 derecho como consecuencia a recibir un certificado de ordenaci\u00f3n y una credencial. El certificado tendr\u00e1 una numeraci\u00f3n y un sello seco del Ministerio para probar la autenticidad del mismo. Lo anterior reposar\u00e1 en los folios de la Oficina Central y estar\u00e1n a disposici\u00f3n de cualquier autoridad de gobierno, eclesi\u00e1stica, judicial \u00f3 p\u00fablica dentro y fuera de los Estados Unidos.<\/p>\n\n\n\n<p>Esta ordenaci\u00f3n y certificado solo es v\u00e1lido para los ministros que est\u00e9n bajo nuestra cobertura.<\/p>\n\n\n\n<p>En este grupo de iglesias la \u00fanica ordenaci\u00f3n aceptada es la que expide MIAS.<\/p>\n\n\n\n<p>En el momento de salir de la cobertura, todo ministro ordenado deber\u00e1 renunciar a su ordenaci\u00f3n de MIAS y devolver el certificado de ordenaci\u00f3n y su respectiva credencial.<\/p>\n\n\n\n<p>En caso que un ministro renuncie al MIAS, deber\u00e1 dejar encargada su iglesia o ministerio a la Oficina Central Internacional para que este designe un pastor provisional, mientras se define el reemplazo total.<\/p>\n\n\n\n<p>Cualquier inquietud, favor comunicarse con la Oficina de Coberturas al correo electr\u00f3nico <a href=\"mailto:aguilasdesalvacion@hotmail.com\">aguilasdesalvacion@hotmail.com<\/a><\/p>\n","protected":false},"excerpt":{"rendered":"<p>El Ministerio Internacional \u00c1guilas de Salvaci\u00f3n (MIAS) dentro del desarrollo de su visi\u00f3n y misi\u00f3n, a trav\u00e9s de su Oficina de Asuntos Internacionales, recibe solicitudes de diferentes iglesias y ministerios para ser parte de la gran familia MIAS. Es importante tener en cuenta que el proceso de asociaci\u00f3n tiene una&#46;&#46;&#46;<\/p>\n","protected":false},"author":1,"featured_media":0,"parent":0,"menu_order":0,"comment_status":"closed","ping_status":"closed","template":"","meta":{"two_page_speed":[]},"_links":{"self":[{"href":"https:\/\/www.minaguilasdesalvacion.com\/site\/wp-json\/wp\/v2\/pages\/233"}],"collection":[{"href":"https:\/\/www.minaguilasdesalvacion.com\/site\/wp-json\/wp\/v2\/pages"}],"about":[{"href":"https:\/\/www.minaguilasdesalvacion.com\/site\/wp-json\/wp\/v2\/types\/page"}],"author":[{"embeddable":true,"href":"https:\/\/www.minaguilasdesalvacion.com\/site\/wp-json\/wp\/v2\/users\/1"}],"replies":[{"embeddable":true,"href":"https:\/\/www.minaguilasdesalvacion.com\/site\/wp-json\/wp\/v2\/comments?post=233"}],"version-history":[{"count":1,"href":"https:\/\/www.minaguilasdesalvacion.com\/site\/wp-json\/wp\/v2\/pages\/233\/revisions"}],"predecessor-version":[{"id":234,"href":"https:\/\/www.minaguilasdesalvacion.com\/site\/wp-json\/wp\/v2\/pages\/233\/revisions\/234"}],"wp:attachment":[{"href":"https:\/\/www.minaguilasdesalvacion.com\/site\/wp-json\/wp\/v2\/media?parent=233"}],"curies":[{"name":"wp","href":"https:\/\/api.w.org\/{rel}","templated":true}]}}